. Determine p(-2).
4
Let n(j) = 4*j**2 + 655*j + 2589. What is n(-4)?
33
Let t(m) = -m**3 + 10*m**2 + 56*m + 41. Determine t(14).
41
Let p(d) = 444*d - 4869. Give p(11).
15
Let h(y) = 2*y**3 - 24*y**2 + 188*y - 2258. Determine h(12).
-2
Let s(l) = -4566*l - 82185. What is s(-18)?
3
Let r(p) = -p**2 - 52*p + 189. Determine r(4).
-35
Let d(l) = -l**3 - 4*l**2 + 33*l - 102. Determine d(-9).
6
Let s(g) = -2*g**2 + 12*g + 1333. Give s(-23).
-1
Let y(s) = -6*s + 294. Give y(54).
-30
Let a(n) = -n**3 - 113*n**2 - 221*n + 110. Determine a(-111).
-1
Let d(v) = -v**3 - v**2 + v - 11. Determine d(4).
-87
Let u(t) = t**3 + 5*t**2 - 48*t - 196. What is u(-4)?
12
Let o(d) = -28*d + 1156. Calculate o(41).
8
Let q(f) = 130*f - 6. Calculate q(2).
254
Let o(z) = -z**3 + 3*z**2 + 30*z + 9. Determine o(7).
23
Let n(b) = -2332*b - 9333. Give n(-4).
-5
Let g(t) = 131*t - 1589. Calculate g(12).
-17
Let p(o) = -6*o**2 - 23*o + 35. Determine p(-5).
0
Let q(b) = -16*b - 261. Determine q(-13).
-53
Let y(t) = t**3 - 5*t**2 + 20*t - 71. Calculate y(4).
-7
Let p(i) = 2*i**2 + 120*i + 281. Determine p(-64).
793
Let g(x) = 147*x + 20278. Calculate g(-138).
-8
Let n(j) = -j**3 + 12*j**2 - 53*j + 595. Determine n(12).
-41
Let c(h) = 4*h**2 + 377*h - 279. Calculate c(-95).
6
Let m(x) = x**3 - 29*x**2 - 58*x - 115. Determine m(31).
9
Let a(z) = 3*z**3 + 2*z**2 + z - 164. Determine a(4).
64
Let b(k) = -9*k - 1122. Calculate b(-75).
-447
Let u(c) = 135*c**2 + 56*c + 52. What is u(-1)?
131
Let h(g) = -g**2 - 110*g - 2918. Calculate h(-44).
-14
Let l(p) = 11*p - 723. Calculate l(62).
-41
Let o(g) = g**3 - 5*g**2 - 4*g + 22. Give o(3).
-8
Let s(m) = 44*m + 1962. What is s(-45)?
-18
Let n(v) = 2*v**3 + 129*v**2 + 69*v + 378. What is n(-64)?
58
Let c(h) = 50*h**3 + 13000*h**2 + 5*h + 1292. Give c(-260).
-8
Let v(l) = 5*l**2 + 18*l - 147. What is v(-8)?
29
Let t(v) = -v**2 - 23*v - 79. Calculate t(-4).
-3
Let l(z) = -2*z**3 + 95*z**2 + 148*z - 48. Calculate l(49).
1
Let k(x) = x**2 + 68*x - 614. Give k(11).
255
Let a(w) = -2*w**3 - 89*w**2 - 364*w - 98. Calculate a(-40).
62
Let z(h) = -4*h + 155. What is z(49)?
-41
Let m(l) = -l**3 + 28*l**2 + 166*l - 39. Calculate m(33).
-6
Let x(f) = f**2 + 147*f + 3986. Give x(-36).
-10
Let y(s) = 6*s**2 + 546*s + 540. What is y(-90)?
0
Let v(t) = -3*t**2 + 25*t + 27. What is v(10)?
-23
Let c(z) = 47*z - 6852. Determine c(147).
57
Let w(f) = f**3 - 78*f**2 + 1435*f + 152. Determine w(30).
2
Let i(o) = o**2 + 47*o + 167. Determine i(-6).
-79
Let z(p) = 809*p + 338. Calculate z(-1).
-471
Let k(c) = c**3 + 8*c**2 - 64*c + 25. Calculate k(5).
30
Let u(m) = -116*m + 2427. Give u(21).
-9
Let b(s) = -2*s**2 + 8*s + 120. Calculate b(-6).
0
Let p(j) = 16*j**2 - 205*j + 454. Give p(3).
-17
Let v(p) = p**2 + 30*p + 200. Give v(-19).
-9
Let z(b) = -5*b**2 + b - 15. What is z(6)?
-189
Let j(t) = -t**2 - 31*t - 130. Determine j(-6).
20
Let c(j) = 11*j - 1287. Give c(118).
11
Let c(z) = -714*z + 418. Determine c(-1).
1132
Let q(a) = -a**3 + 16*a**2 - 69*a + 81. Calculate q(10).
-9
Let v(n) = -255*n - 412. Determine v(-2).
98
Let t(d) = 4*d**2 - 31*d + 294. Give t(10).
384
Let z(q) = -24*q**2 + 920*q + 921. Calculate z(-1).
-23
Let p(l) = 77*l + 1997. What is p(-26)?
-5
Let k(a) = -1113*a - 16696. What is k(-15)?
-1
Let f(c) = -c**3 + 12*c**2 + 11*c - 37. Calculate f(10).
273
Let f(y) = -2*y**3 + 224. Give f(0).
224
Let n(u) = -49*u**3 - 7*u**2 - 7*u + 24. Calculate n(2).
-410
Let r(i) = 23*i**2 + 174*i - 33. Determine r(-8).
47
Let i(z) = -z**2 - 64*z - 953. Give i(-26).
35
Let a(z) = -14*z**2 - 235*z - 991. Calculate a(-8).
-7
Let j(y) = -58*y**2 + 1186*y - 1187. Give j(1).
-59
Let t(p) = -p**2 + 5*p - 4. Calculate t(-2).
-18
Let u(z) = 17*z**2 - 180*z - 868. What is u(-5)?
457
Let y(i) = i**2 + 45*i + 289. Determine y(-37).
-7
Let z(b) = b**3 + 4*b**2 + 43*b + 95. Determine z(-4).
-77
Let g(q) = 19*q - 1. Determine g(4).
75
Let z(n) = 9*n**2 - 24*n - 103. Calculate z(5).
2
Let x(u) = -17*u + 178. What is x(6)?
76
Let b(t) = 5*t**2 - 10*t - 15. Calculate b(8).
225
Let n(j) = 51*j**2 - 3*j - 4. Determine n(-2).
206
Let w(t) = t**3 + 11*t**2 + 13*t + 10. Give w(-6).
112
Let y(w) = -w**3 + 16*w**2 + 56*w - 365. Give y(18).
-5
Let b(p) = p**2 + 27*p - 50. Determine b(0).
-50
Let b(k) = -98*k + 225. Give b(2).
29
Let f(p) = 2*p**3 + 3*p**2 - 16*p + 13. Give f(1).
2
Let g(h) = 2*h**3 + 79*h**2 - 42*h - 84. Determine g(-40).
-4
Let t(c) = c**2 - 21*c - 325. What is t(-13)?
117
Let n(d) = -d**3 - 5*d**2 + 27*d + 121. What is n(-4)?
-3
Let j(z) = z**3 + 29*z**2 + 157*z - 8. What is j(-7)?
-29
Let f(t) = 6*t - 303. Calculate f(35).
-93
Let v(y) = -y**3 - 25*y**2 + 81*y - 57. What is v(-28)?
27
Let h(u) = -u**3 - 3*u**2 + 2*u + 2. Calculate h(-2).
-6
Let b(i) = 188*i - 562. What is b(3)?
2
Let y(m) = -m**3 - 58*m**2 - 11*m - 235. Calculate y(-58).
403
Let a(q) = 2*q**3 + 15*q**2 + 29*q - 18. What is a(-8)?
-314
Let s(r) = -3*r**3 + 11*r**2 + 25*r + 31. What is s(9)?
-1040
Let u(x) = -603*x + 643. Determine u(1).
40
Let p(d) = -68*d**3 - 15*d**2 + 71*d - 56. Give p(1).
-68
Let w(k) = 95*k + 8082. Give w(-85).
7
Let d(z) = 204*z - 318. Give d(2).
90
Let q(t) = t**3 - 14*t**2 - 50*t - 390. Determine q(18).
6
Let s(l) = -23*l + 10. Calculate s(2).
-36
Let a(f) = -f**3 + 26*f**2 + 6*f + 539. Give a(27).
-28
Let g(p) = p**3 - 61*p**2 + 121*p - 180. What is g(59)?
-3
Let h(a) = -a**3 - 194*a**2 - 391*a - 1325. Give h(-192).
19
Let k(h) = 4*h**2 - 132*h - 20. Give k(33).
-20
Let d(r) = -2*r**2 + 407*r - 1609. Calculate d(4).
-13
Let h(c) = c**3 + 9*c**2 + 16*c + 4. Give h(-7).
-10
Let t(v) = 5*v**2 + 6*v - 7. Give t(1).
4
Let g(k) = -13*k**2 + 25*k - 49. Give g(5).
-249
Let j(g) = -g**3 - 42*g**2 + 181*g - 141. Give j(-46).
-3
Let n(g) = -57*g**2 + 37*g. What is n(3)?
-402
Let n(j) = 15*j - 347. What is n(27)?
58
Let w(x) = x**3 + 8*x**2 + 12*x - 12. Calculate w(-4).
4
Let g(i) = -113*i + 357. Calculate g(3).
18
Let o(l) = -2*l**2 - 8267*l + 16535. Give o(2).
-7
Let j(g) = 491*g - 459. Give j(2).
523
Let v(u) = -2*u**3 - 85*u**2 - 344*u - 69. Give v(-38).
7
Let a(k) = -52*k - 1774. What is a(-34)?
-6
Let x(q) = q**3 - 2*q**2 - 27*q - 88. Give x(0).
-88
Let g(b) = 2*b**3 + 115*b**2 + 58*b - 77. What is g(-57)?
-134
Let m(r) = -230*r - 53357. Determine m(-232).
3
Let z(g) = -48*g - 96. Give z(3).
-240
Let u(t) = t**3 - 5*t**2 - 17*t - 11. What is u(7)?
-32
Let d(x) = -35*x - 121. Calculate d(8).
-401
Let p(d) = -806*d - 6442. What is p(-8)?
6
Let y(d) = -651*d - 648. Give y(-1).
3
Let g(r) = -3*r**3 - 33*r**2 - 14*r - 162. Give g(-11).
-8
Let o(b) = b**3 - 19*b**2 + 6*b - 77. What is o(19)?
37
Let a(z) = -111*z**2 - 55*z - 4. Give a(-1).
-60
Let v(y) = y**2 + 9*y - 37. Determine v(-14).
33
Let s(c) = c**3 - 10*c**2 - 112*c + 847. Determine s(7).
-84
Let y(r) = 80*r + 1037. Determine y(-13).
-3
Let z(q) = 101*q + 32. Determine z(-1).
-69
Let k(j) = j**3 + 111*j**2 + 629*j - 50. What is k(-105)?
55
Let u(q) = q**3 + 26*q**2 - 53*q + 62. Give u(-28).
-22
Let v(k) = -98*k + 9598. Determine v(98).
-6
Let r(k) = 795*k + 1582. Give r(-2).
-8
Let o(z) = z**3 - 24*z**2 - 188*z + 241. Calculate o(30).
1
Let r(x) = 23*x**3 + 56*x**2 + 52*x - 3. Give r(-1).
-22
Let r(h) = -18*h**3 + 2*h**2 - 11*h - 4. What is r(-3)?
533
Let l(k) = 8*k**2 - 664*k - 1329. What is l(-2)?
31
Let p(d) = 7*d - 174. What is p(-10)?
-244
Let m(s) = -43*s**2 - s + 290. Determine m(0).
290
Let s(u) = 63*u + 16. Determine s(-1).
-47
Let o(b) = 116*b + 9385. Give o(-81).
-11
Let b(a) = -506*a - 103222. What is b(-204)?
2
Let j(d) = -7*d**2 + 44*d - 136. Determine j(3).
-67
Let v(w) = -21*w + 1282. What is v(60)?
22
Let q(g) = 2104*g - 12635. Calculate q(6).
-11
Let l(i) = -i**3 - 11*i**2 + 20*i + 1. What is l(-11)?
-219
Let l(a) = a**3 + 21*a**2 + 21*a + 80. Calculate l(-20).
60
Let q(x) = -560*x + 584. Determine q(1).
24
Let x(w) = -w**3 - 2*w**2 + 78*w - 54. What is x(7)?
51
Let n(d) = d**2 - 50*d + 554. Calculate n(17).
-7
Let b(d) = 2452*d + 27045. Give b(-11).
73
Let o(c) = 3*c**2 - 42*c + 120. What is o(21)?
561
Let o(v) = -v**2 + 401*v - 2370. Determine o(6).
0
Let h(w) = -5*w**2 + 2*w + 11. Calculate h(-5).
-124
Let b(f) = -f**2 + 187*f - 6761. Give b(49).
1
Let t(d) = 3293*d + 23062. Calculate t(-7).
11
Let s(q